 What is the units digit of y?
7
Suppose 0 = -4*i + j - 62, -2*i - 2*j = -0*j + 26. Suppose -5*d = -3*d - 52. Let a = d + i. What is the tens digit of a?
1
Suppose 0 = 3*b + 4*x + 15, 5*b + 15 + 2 = -4*x. Let j be ((-9)/12)/(b/28). Suppose -2*m - j = -5*m. What is the units digit of m?
7
Let y(h) = 9*h + 35. What is the tens digit of y(12)?
4
Let s = 10 + -10. Suppose -72 = -4*h - s*h. What is the units digit of h?
8
Let l be (-198)/(-30)*1*5. Let p = -23 + l. What is the units digit of p?
0
Let a be ((-36)/(-42))/(2/(-14)). What is the units digit of (a/8)/((-5)/60)?
9
Suppose 5*j = -2*d + 132, -4*j + d + 105 = 2*d. What is the tens digit of j?
2
Let d(s) = s**2 - 4*s + 1. Let w be d(4). Suppose -3*b + w = 3*n - 29, -34 = -3*b - n. What is the units digit of b?
2
Suppose -l = l - 4. Suppose -l*u - 2*u = -12. Suppose -4*y + 3*z = -y - 18, u*z + 23 = 4*y. What is the units digit of y?
5
Suppose 0 = -3*z + 161 + 19. Suppose -k + 21 = c, 3*c + 5*k = z + 5. What is the tens digit of c?
2
Let m(x) be the third derivative of 0*x**3 + 0 + 1/3*x**4 + 1/12*x**5 - x**2 - 1/120*x**6 + 0*x. What is the units digit of m(6)?
2
Suppose -4*r + 2*r = -10. Suppose -4*x + 45 = -3*u, -5*u + 4*u - 70 = -r*x. What is the units digit of x?
5
Let o = 78 - 48. Let y be 1/(o/9 + -3). What is the tens digit of 14*(3 - 6/y)?
1
Let t be (8/3 - 3)*-18. Let v be t/(-9) - 2/(-3). Suppose -q + v*q = -7. What is the units digit of q?
7
Let k = 54 + 17. Let y = 101 - k. What is the tens digit of y?
3
Suppose 0 = 5*x - 4 - 1. Let t(u) = -3*u - x - 3 + 0. What is the units digit of t(-8)?
0
Let b = -5 - 0. Let k = 9 + b. Suppose -4*r + 18 = -k*m - 14, r = 5*m + 4. What is the units digit of r?
9
Let h(s) = -3*s**3 + s**2. Let z be h(-1). Suppose -3*k = -z*i - k + 32, -2*k = 4*i - 48. What is the tens digit of i?
1
Suppose -3*g + 3 - 2 = 5*y, -4*y - 4 = 0. What is the units digit of (3 - g)/((-5)/(-45))?
9
Let a be 1/((2 - 5)/15). Let t = a - -1. Let n = t - -12. What is the units digit of n?
8
Let l = 0 - 1. What is the units digit of (-45)/(-5) - (-1 - l)?
9
Let n be 1/((16/(-20))/(-4)). Suppose 5*y - 5*x = y + 49, y + n*x + 19 = 0. What is the units digit of y?
6
Suppose 3*t = -7*t + 2300. What is the units digit of t?
0
Let v = -12 - -15. Suppose -2*l + 5 = -v. What is the units digit of l?
4
Let r = 111 + -57. What is the tens digit of r?
5
Let k = 13 + -2. Suppose -4*j = -k + 3. What is the units digit of (1 - j)/(1/(-5))?
5
Let b(v) = -36*v**3 - 8*v**2 + 3*v + 5. Let x(i) = 24*i**3 + 5*i**2 - 2*i - 3. Let a(p) = 5*b(p) + 8*x(p). What is the units digit of a(1)?
2
Suppose 4 = -2*b + 4*b - 5*d, 2*d = -2*b + 4. Suppose -s - 4 = -3*s. Suppose -4*a + 2 = s*j - b, 0 = -5*j. What is the units digit of a?
1
Let r be 6*-1*2/(-6). Let a be 0 + r*(1 - 0). Suppose -a*q + 6 = 4. What is the units digit of q?
1
Let b be -3*(0 - 80/6). Suppose b = 4*o - 0*o. Let f(i) = i**2 - 10*i + 5. What is the units digit of f(o)?
5
Let y = 29 + -50. Let b = y + 10. Let l = -4 - b. What is the units digit of l?
7
What is the tens digit of (-15 - -4)/((-1)/1)?
1
What is the units digit of (-2)/(-10) - (-324)/30?
1
Suppose -7*h + 2*h = -30. What is the units digit of (-66)/(-9) - (-4)/h?
8
Suppose -2*b - 4 - 10 = -4*k, 5*b - 2*k = -11. Let r be (b/2)/(2/(-4)). Suppose 0 = l - 8 - r. What is the units digit of l?
9
Let t be (-9 + 3)/(1/(-3)). Suppose t = -5*x + 63. What is the units digit of x?
9
Let f(w) = 37*w + 19. What is the hundreds digit of f(5)?
2
Let v(y) be the first derivative of y**4/4 - 8*y**3/3 + 5*y**2/2 - 9*y - 1. Let w be v(8). Suppose -5*c + w = 6. What is the units digit of c?
5
Suppose -4*k + 6 + 6 = 2*a, 0 = -5*k - 4*a + 12. Suppose 3*g - 42 = -2*q, -5*q + 67 = 2*g - k*g. Let p = -6 + q. What is the units digit of p?
9
Let b(a) be the third derivative of a**6/120 - 7*a**5/60 + a**4/12 - a**3 - a**2. What is the units digit of b(7)?
8
Let r(z) = -11 + 4*z + 1 + 4 - 9. What is the units digit of r(12)?
3
Let a(i) be the third derivative of 1/2*i**3 + 1/8*i**4 + 0 + 0*i + 5*i**2. What is the tens digit of a(3)?
1
Let y(l) = -2*l - 6. Suppose 25 + 15 = -5*x. What is the tens digit of y(x)?
1
Suppose 4*h + 4*v + 58 = 2*h, -2*h + 5*v - 22 = 0. Let z = -8 - h. Let d = z - 7. What is the units digit of d?
6
Let v be (-4)/3*18/(-4). Suppose 4*r - 2 = v. Suppose 3*h - 6 = 0, 0 = -2*q + r*h + 2*h. What is the units digit of q?
4
Suppose 6 = -0*o + 2*o. Let t = 5 - o. What is the units digit of t?
2
Let q(o) = o**2 + 6*o + 6. Let n be q(-4). Let t be (1*11)/((-2)/n). Suppose 5*w + 12 = x, -t = -4*x + 2*w + 19. What is the units digit of x?
7
Suppose 4*l - 86 = -26. Suppose 14*y - l*y = -13. What is the units digit of y?
3
Let g be 1/(-1) - (-21)/1. Suppose -4*n - 3*m + 5*m - 10 = 0, 0 = -2*n - 4*m + g. Suppose u + 4 - 12 = n. What is the units digit of u?
8
Let d = 10 + 1. Let x = -4 + d. What is the units digit of x?
7
Suppose -a + 1 = -0. Let n be 1/(0 + a) + 2. Suppose 5*s + n = 58. What is the tens digit of s?
1
Suppose -3*g + 5*i - 78 = -7*g, -g + 13 = -2*i. What is the units digit of g?
7
Suppose 0 = 3*u - 22 - 44. Let n be 92/u + (-2)/11. Suppose -g = -n*v + v + 45, -5*v + 74 = -2*g. What is the tens digit of v?
1
Let m(z) = -z**3 - 13*z**2 + 10*z + 5. What is the units digit of m(-14)?
1
Suppose 0 = 3*p - 5*d - 340, -2*d = 3*d - 5. What is the tens digit of p?
1
Let q be 24/(-8)*(0 + -38). Let v = q - 79. What is the tens digit of v?
3
Let p = 280 - 169. What is the units digit of p?
1
Suppose 5*n = -4*v + 313, 5*v + 3*n - 328 = 47. What is the tens digit of v?
7
Suppose -4*u = -u - 9. Suppose 4*g = u*i + 80, 112 = 5*g - g + 5*i. What is the tens digit of g?
2
Let o be (0 + 10)/(2/3). Let z be 4/10 - 40/(-25). Suppose -v = -4*v - o, 0 = z*w - 5*v - 33. What is the units digit of w?
4
Suppose 68 = 4*c - 64. What is the tens digit of c?
3
Let m be (-4)/(-10) + 2/(-5). Suppose 0 = -2*t - m*t + 52. What is the tens digit of t?
2
Let w be (-14)/(-2)*(-2)/(-7). Let k be (-18)/(w/((-1)/1)). What is the units digit of 69/k + 1/3?
8
Let b(y) = -10*y + 11. What is the units digit of b(-5)?
1
Let j(l) = 0 + l + 4 + 4 - 2. What is the units digit of j(-5)?
1
Let k(x) = -x**3 - 4*x**2 + 3. Let t be k(-4). Suppose 0*b - t*b - 5*f + 4 = 0, 2*f = -2*b. What is the units digit of (-1)/(6/9)*b?
3
Suppose 3*k + 2 + 1 = 0. Let t(h) = -3*h - 1. Let l be t(k). Suppose -l*s + 16 = 2*s. What is the units digit of s?
4
Let d(r) = -r**3 - 4*r**2 - 2*r - 6. Let u be d(-4). Suppose u + 1 = j. Let f = 5 + j. What is the units digit of f?
8
Let q(o) = -5*o**3 - o**2 - 2*o - 1. Let g = -3 + 8. Let l = g + -6. What is the units digit of q(l)?
5
Suppose 0*u - 3*i = u - 10, -40 = -4*u + 4*i. What is the units digit of u?
0
Let x = -4 - -2. Let h be ((-1)/(-2))/(x/(-8)). Suppose -3*g - 9 = 2*u - h, 0 = 3*g + u + 2. What is the units digit of g?
1
Suppose 0*j + j + 2 = 0. Let z(r) = -4*r**3 + 2*r + 2. Let i be z(j). Suppose 3*g - i = w - 9, -2*g = -w - 14. What is the units digit of g?
7
Let s(w) = -4 + 4 + 1 - 2*w**2 + w**3. Let i(k) = -k**2 + 6*k - 3. Let u be i(5). What is the units digit of s(u)?
1
Suppose -2*t - 984 - 207 = -3*a, 2*t + 6 = 0. What is the tens digit of a?
9
Suppose 4*y - 4208 = -12*y. What is the hundreds digit of y?
2
Let k(x) = 2*x**2 + 3*x - 4. Let w(n) = -n**2 + 1. Let p(d) = k(d) + w(d). What is the units digit of p(-6)?
5
Let g(b) = b**3 - 2*b**2 - b - 1. Let w be g(3). Suppose 3*i - 24 = -258. What is the units digit of i/(-10) + 1/w?
8
Let r(k) = -414*k**3 + k**2 + k + 1. Suppose 1 = -5*i - 4. Let h be r(i). What is the units digit of h/20 - 1/(-4)?
1
Let k = -9 + 13. Suppose 2*m + 24 = 2*v, 3*v - k*m = -0*m + 39. What is the units digit of v?
9
Let q(t) = -t**2 - 8*t - 3. Let o be q(-5). What is the units digit of (o*(-6)/(-9))/2?
4
Let f = 7 + -5. Suppose -2*x - 3*q - 4 = f*q, 0 = 2*q + 4. What is the units digit of x?
3
Let n = 3 + 2. Suppose -n*w - 5 = -15. Suppose c - 3*j = -w*j + 2, 3*c = 5*j + 2. What is the units digit of c?
4
Suppose -v + 5*v + 22 = 5*n, 5*n = -2*v + 4. What is the units digit of n?
2
Let c(w) = -w**3 - 14*w**2 - 3*w - 21. Let m be c(-14). Let q = m + -4. What is the units digit of q?
7
Let a = 11 - -5. Let w be (a/(-12))/((-4)/18). Suppose w = x + 4*t, 0*x = 2*x 